167 and 632903?
389
Calculate the greatest common factor of 238255 and 51.
17
Calculate the greatest common divisor of 6524 and 105.
7
What is the highest common factor of 1470 and 43710?
30
What is the highest common divisor of 31 and 232283?
31
Calculate the greatest common factor of 78271 and 29.
29
Calculate the highest common factor of 1743403 and 37.
37
What is the highest common factor of 291792 and 336?
48
What is the highest common factor of 2055 and 472239?
411
What is the highest common divisor of 339 and 1285827?
339
Calculate the highest common divisor of 870 and 265930.
290
What is the highest common divisor of 29053 and 34?
17
What is the highest common divisor of 71264 and 272?
272
What is the highest common divisor of 1376 and 422776?
344
What is the highest common divisor of 12 and 30948?
12
Calculate the highest common factor of 297213 and 987.
21
Calculate the greatest common divisor of 144 and 120504.
24
Calculate the greatest common factor of 514202 and 234.
26
Calculate the highest common divisor of 9 and 792279.
9
What is the highest common factor of 912 and 8412?
12
What is the highest common divisor of 41920 and 1840?
80
Calculate the greatest common factor of 7146 and 530392.
794
What is the highest common divisor of 67620 and 784?
196
Calculate the greatest common divisor of 26676 and 1092.
156
Calculate the highest common factor of 753 and 682971.
753
Calculate the highest common divisor of 533606 and 12454.
958
Calculate the greatest common divisor of 69611 and 1844.
461
Calculate the greatest common factor of 105 and 1449.
21
Calculate the greatest common divisor of 19752 and 24.
24
Calculate the greatest common factor of 266 and 6783.
133
Calculate the highest common factor of 131 and 504743.
131
Calculate the greatest common divisor of 671 and 6588.
61
Calculate the highest common divisor of 160448 and 1.
1
What is the highest common divisor of 899 and 2581?
29
Calculate the greatest common factor of 10985 and 1300.
65
What is the highest common divisor of 153 and 3411?
9
What is the highest common divisor of 504 and 246120?
168
Calculate the highest common factor of 966 and 27922.
46
Calculate the highest common divisor of 3008 and 86480.
752
What is the highest common factor of 277485 and 135?
15
Calculate the greatest common divisor of 6272 and 98.
98
What is the greatest common factor of 325696 and 280?
56
Calculate the highest common factor of 120 and 654020.
20
What is the highest common divisor of 3496 and 23552?
184
Calculate the greatest common divisor of 28 and 723149.
7
What is the highest common factor of 175072 and 96?
32
What is the highest common factor of 105100 and 75?
25
Calculate the greatest common divisor of 7015 and 549.
61
What is the greatest common factor of 20 and 1065820?
20
What is the highest common divisor of 2304 and 939264?
768
What is the greatest common factor of 245 and 68551?
49
What is the greatest common factor of 62 and 56637?
31
Calculate the highest common factor of 14384 and 62000.
496
What is the highest common factor of 4685 and 119936?
937
Calculate the highest common factor of 126 and 11326.
14
What is the greatest common factor of 42785 and 209945?
995
Calculate the greatest common factor of 872 and 501836.
436
What is the highest common factor of 441 and 14203287?
441
What is the greatest common divisor of 2600 and 45175?
325
What is the greatest common factor of 25752 and 2436?
348
Calculate the highest common divisor of 65 and 10660.
65
What is the greatest common divisor of 660 and 71412?
132
Calculate the highest common divisor of 28392 and 9555.
273
Calculate the greatest common divisor of 275 and 451.
11
Calculate the highest common divisor of 1814 and 978.
2
What is the greatest common factor of 844 and 6968?
4
What is the greatest common factor of 20 and 312020?
20
Calculate the highest common factor of 10215 and 3492395.
1135
Calculate the greatest common divisor of 261 and 194400.
9
Calculate the highest common factor of 12 and 111828.
12
Calculate the highest common factor of 6136 and 94341.
767
What is the greatest common factor of 385 and 201180?
35
What is the highest common divisor of 80 and 784?
16
Calculate the greatest common divisor of 558 and 79830.
18
What is the greatest common factor of 18 and 94558?
2
What is the highest common factor of 1 and 73?
1
What is the greatest common factor of 76105 and 4495?
155
Calculate the greatest common divisor of 32 and 1817824.
32
What is the highest common factor of 424 and 2347688?
424
Calculate the highest common factor of 202 and 5247051.
101
Calculate the highest common divisor of 127992 and 48.
24
What is the highest common factor of 17836 and 105987?
343
Calculate the highest common divisor of 32267 and 82.
41
What is the greatest common divisor of 2822 and 13114?
166
Calculate the greatest common factor of 15 and 8978610.
15
What is the greatest common factor of 1005 and 231820?
335
Calculate the highest common factor of 432 and 45972.
36
Calculate the highest common factor of 418 and 175142.
418
Calculate the highest common divisor of 8411 and 113225.
647
What is the highest common factor of 56601 and 2907?
171
What is the greatest common factor of 58 and 8085606?
58
Calculate the greatest common divisor of 5820 and 240.
60
What is the highest common factor of 266 and 10346?
14
Calculate the highest common divisor of 16 and 3785176.
8
What is the greatest common divisor of 7306731 and 279?
279
Calculate the highest common factor of 22 and 2591017.
11
Calculate the greatest common divisor of 22510 and 250.
10
What is the greatest common factor of 1752 and 336?
24
What is the greatest common divisor of 11053197 and 9?
9
What is the greatest common factor of 9393 and 1515?
303
What is the greatest common divisor of 45120 and 6392?
376
Calculate the highest common factor of 4332 and 2109.
57
Calculate the greatest common divisor of 885303 and 27.
27
What is the highest common factor of 728 and 16968?
56
Calculate the greatest common divisor of 210 and 687630.
30
Calculate the greatest common factor of 1342 and 176.
22
Calculate the greatest common factor of 8640 and 6210.
270
Calculate the greatest common factor of 787370 and 20.
10
What is the highest common factor of 9 and 4033791?
9
Calculate the highest common divisor of 27 and 217575.
9
What is the greatest common factor of 923 and 49452?
13
What is the greatest common factor of 1467 and 6408?
9
What is the greatest common divisor of 2128 and 96292?
532
Calculate the greatest common divisor of 6561 and 5472.
9
Calculate the greatest common divisor of 52 and 524914.
26
Calculate the greatest common factor of 2205 and 225.
45
What is the highest common divisor of 28890 and 26322?
642
Calculate the greatest common divisor of 176 and 73304.
88
What is the highest common factor of 39 and 60866?
13
What is the greatest common factor of 1 and 617278?
1
What is the greatest common divisor of 3796 and 3744?
52
What is the highest common divisor of 4365 and 16605?
45
Calculate the highest common divisor of 47440 and 1920.
80
What is the greatest common divisor of 3978 and 15691?
221
Calculate the greatest common factor of 513513 and 399.
399
Calculate the greatest common divisor of 3000 and 636.
12
Calculate the highest common divisor of 6 and 236235.
3
Calculate the greatest common factor of 1459029 and 19.
19
Calculate the highest common divisor of 46733 and 17.
17
What is the greatest common factor of 19761 and 105?
21
Calculate the highest common factor of 7482 and 16512.
258
Calculate the highest common factor of 395 and 1025657.
79
Calculate the greatest common divisor of 357 and 41853.
21
Calculate the greatest common divisor of 12 and 76236.
12
Calculate the highest common divisor of 3344 and 5244.
76
Calculate the highest common factor of 123656 and 2262.
754
What is the highest common factor of 1283942 and 44?
22
Calculate the highest common factor of 1802 and 16006.
106
What is the greatest common divisor of 9669 and 231?
33
What is the greatest common divisor of 24 and 602652?
12
What is the greatest common divisor of 95524 and 364?
52
Calculate the highest common factor of 2039320 and 6120.
680
What is the highest common factor of 480 and